{"id":12,"date":"2016-07-04T10:34:28","date_gmt":"2016-07-04T08:34:28","guid":{"rendered":"http:\/\/www.yvesmuguet-infographiste.com\/site-fictif-oreilles-delicates\/?page_id=12"},"modified":"2016-07-09T01:49:26","modified_gmt":"2016-07-08T23:49:26","slug":"prsentation","status":"publish","type":"page","link":"http:\/\/www.yvesmuguet-infographiste.com\/site-fictif-oreilles-delicates\/prsentation\/","title":{"rendered":"PR&Eacute;SENTATION"},"content":{"rendered":"<p>&nbsp;<\/p>\n<div class=\"floatleft galerie\">\n<h2><span style=\"color: #5d2e10;\">STUDIO<\/span><\/h2>\n<p><a href=\"http:\/\/www.yvesmuguet-infographiste.com\/site-fictif-oreilles-delicates\/prsentation\/studio\/\"><img loading=\"lazy\" class=\"alignnone size-large wp-image-116\" src=\"http:\/\/www.yvesmuguet-infographiste.com\/site-fictif-oreilles-delicates\/wp-content\/uploads\/2016\/07\/studio-enregistrement-micro-et-piano-1-1024x576.jpg\" alt=\"studio avec mat\u00e9riel haut de gamme, atmosph\u00e8re seraine et chaleureuse, acoustique variable et modulable, prise de son a\u00e9r\u00e9e...\" width=\"1024\" height=\"576\" srcset=\"http:\/\/www.yvesmuguet-infographiste.com\/site-fictif-oreilles-delicates\/wp-content\/uploads\/2016\/07\/studio-enregistrement-micro-et-piano-1-1024x576.jpg 1024w, http:\/\/www.yvesmuguet-infographiste.com\/site-fictif-oreilles-delicates\/wp-content\/uploads\/2016\/07\/studio-enregistrement-micro-et-piano-1-300x169.jpg 300w, http:\/\/www.yvesmuguet-infographiste.com\/site-fictif-oreilles-delicates\/wp-content\/uploads\/2016\/07\/studio-enregistrement-micro-et-piano-1-768x432.jpg 768w\" sizes=\"(max-width: 1024px) 100vw, 1024px\" \/><\/a><\/p>\n<p><a href=\"http:\/\/www.yvesmuguet-infographiste.com\/site-fictif-oreilles-delicates\/prsentation\/studio\/\">Parcourez notre studio avec prise de son a\u00e9r\u00e9es, acoustique variable, espace modulable et mat\u00e9riel haut de gamme&#8230;<\/a><\/p>\n<\/div>\n<div class=\"floatleft galerie\">\n<h2><span style=\"color: #50a2dc;\">ENREGISTREMENT<\/span><\/h2>\n<p><a href=\"http:\/\/www.yvesmuguet-infographiste.com\/site-fictif-oreilles-delicates\/prsentation\/enregistrement\/\"><img loading=\"lazy\" class=\"alignnone wp-image-118\" src=\"http:\/\/www.yvesmuguet-infographiste.com\/site-fictif-oreilles-delicates\/wp-content\/uploads\/2016\/07\/studio-enregistrement-ingenieur-du-son-souris-horizontal-1024x683.jpg\" alt=\"enregistrement ing\u00e9nieur du son de plus de 20 ans d'exp\u00e9rience, la qualit\u00e9 avant tout, pour la personnalisation, vraiment mobile...\" width=\"325\" height=\"216\" srcset=\"http:\/\/www.yvesmuguet-infographiste.com\/site-fictif-oreilles-delicates\/wp-content\/uploads\/2016\/07\/studio-enregistrement-ingenieur-du-son-souris-horizontal-1024x683.jpg 1024w, http:\/\/www.yvesmuguet-infographiste.com\/site-fictif-oreilles-delicates\/wp-content\/uploads\/2016\/07\/studio-enregistrement-ingenieur-du-son-souris-horizontal-300x200.jpg 300w, http:\/\/www.yvesmuguet-infographiste.com\/site-fictif-oreilles-delicates\/wp-content\/uploads\/2016\/07\/studio-enregistrement-ingenieur-du-son-souris-horizontal-768x512.jpg 768w\" sizes=\"(max-width: 325px) 100vw, 325px\" \/><\/a><\/p>\n<p><a href=\"http:\/\/www.yvesmuguet-infographiste.com\/site-fictif-oreilles-delicates\/prsentation\/enregistrement\/\">D\u00e9couvrez l\u2019enregistrement de notre ing\u00e9nieur du son r\u00e9put\u00e9 de plus de 20 ans d\u2019exp\u00e9rience, pour \u00ab\u00a0la qualit\u00e9 avant tout\u00a0\u00bb et la personnalisation dans les prises de sons, les mixages, les masterings, le son binaural de tous styles musicaux&#8230;<\/a><\/p>\n<\/div>\n<div class=\"floatleft galerie\">\n<h2><span style=\"color: #d73e43;\">H\u00c9BERGEMENT<\/span><\/h2>\n<p><a href=\"http:\/\/www.yvesmuguet-infographiste.com\/site-fictif-oreilles-delicates\/prsentation\/hbergement\/\"><img loading=\"lazy\" class=\"alignnone wp-image-115\" src=\"http:\/\/www.yvesmuguet-infographiste.com\/site-fictif-oreilles-delicates\/wp-content\/uploads\/2016\/07\/studio-hebergement-cuisine-et-table-1024x768.jpg\" alt=\"H\u00e9bergement : Au calme dans la campagne, environnement pur, naturel et chaleureux, logement \u00e9quip\u00e9 et couchage 4 personnes...\" width=\"336\" height=\"252\" srcset=\"http:\/\/www.yvesmuguet-infographiste.com\/site-fictif-oreilles-delicates\/wp-content\/uploads\/2016\/07\/studio-hebergement-cuisine-et-table-1024x768.jpg 1024w, http:\/\/www.yvesmuguet-infographiste.com\/site-fictif-oreilles-delicates\/wp-content\/uploads\/2016\/07\/studio-hebergement-cuisine-et-table-300x225.jpg 300w, http:\/\/www.yvesmuguet-infographiste.com\/site-fictif-oreilles-delicates\/wp-content\/uploads\/2016\/07\/studio-hebergement-cuisine-et-table-768x576.jpg 768w\" sizes=\"(max-width: 336px) 100vw, 336px\" \/><\/a><\/p>\n<p><a href=\"http:\/\/www.yvesmuguet-infographiste.com\/site-fictif-oreilles-delicates\/prsentation\/hbergement\/\">Visitez notre h\u00e9bergement au calme \u00e0 la campagne, avec couchage 4 personnes, environnement pur, naturel et chaleureux&#8230;<\/a><\/p>\n<\/div>\n<div class=\"floatleft galerie\">\n<h2><span style=\"color: #e1ea43;\">CAMPAGNE<\/span><\/h2>\n<p><a href=\"http:\/\/www.yvesmuguet-infographiste.com\/site-fictif-oreilles-delicates\/prsentation\/campagne\/\"><img loading=\"lazy\" class=\"alignnone wp-image-117\" src=\"http:\/\/www.yvesmuguet-infographiste.com\/site-fictif-oreilles-delicates\/wp-content\/uploads\/2016\/07\/exterieur-campagne-chemin-et-barbecue-horizontal-1024x683.jpg\" alt=\"Exterieur campagne chemin et barbecue : Richesse touristique voisine, prix de la prestation vraiment abordable, croisement g\u00e9ographique en Rh\u00f6ne-Alpes...\" width=\"404\" height=\"269\" srcset=\"http:\/\/www.yvesmuguet-infographiste.com\/site-fictif-oreilles-delicates\/wp-content\/uploads\/2016\/07\/exterieur-campagne-chemin-et-barbecue-horizontal-1024x683.jpg 1024w, http:\/\/www.yvesmuguet-infographiste.com\/site-fictif-oreilles-delicates\/wp-content\/uploads\/2016\/07\/exterieur-campagne-chemin-et-barbecue-horizontal-300x200.jpg 300w, http:\/\/www.yvesmuguet-infographiste.com\/site-fictif-oreilles-delicates\/wp-content\/uploads\/2016\/07\/exterieur-campagne-chemin-et-barbecue-horizontal-768x512.jpg 768w\" sizes=\"(max-width: 404px) 100vw, 404px\" \/><\/a><\/p>\n<p><a href=\"http:\/\/www.yvesmuguet-infographiste.com\/site-fictif-oreilles-delicates\/prsentation\/campagne\/\">D\u00e9barquez dans notre campagne au c\u0153ur de Rh\u00f4ne-Alpes avec potager, barbecue et richesse touristique voisine&#8230;<\/a><\/p>\n<\/div>\n","protected":false},"excerpt":{"rendered":"<p>&nbsp; STUDIO Parcourez notre studio avec prise de son a\u00e9r\u00e9es, acoustique variable, espace modulable et mat\u00e9riel haut de gamme&#8230; ENREGISTREMENT D\u00e9couvrez l\u2019enregistrement de notre ing\u00e9nieur du son r\u00e9put\u00e9 de plus de 20 ans d\u2019exp\u00e9rience, pour \u00ab\u00a0la qualit\u00e9 avant tout\u00a0\u00bb et la personnalisation dans les prises de sons, les mixages, les masterings, le son binaural de [&hellip;]<\/p>\n","protected":false},"author":1,"featured_media":0,"parent":0,"menu_order":1,"comment_status":"closed","ping_status":"closed","template":"","meta":[],"_links":{"self":[{"href":"http:\/\/www.yvesmuguet-infographiste.com\/site-fictif-oreilles-delicates\/wp-json\/wp\/v2\/pages\/12"}],"collection":[{"href":"http:\/\/www.yvesmuguet-infographiste.com\/site-fictif-oreilles-delicates\/wp-json\/wp\/v2\/pages"}],"about":[{"href":"http:\/\/www.yvesmuguet-infographiste.com\/site-fictif-oreilles-delicates\/wp-json\/wp\/v2\/types\/page"}],"author":[{"embeddable":true,"href":"http:\/\/www.yvesmuguet-infographiste.com\/site-fictif-oreilles-delicates\/wp-json\/wp\/v2\/users\/1"}],"replies":[{"embeddable":true,"href":"http:\/\/www.yvesmuguet-infographiste.com\/site-fictif-oreilles-delicates\/wp-json\/wp\/v2\/comments?post=12"}],"version-history":[{"count":9,"href":"http:\/\/www.yvesmuguet-infographiste.com\/site-fictif-oreilles-delicates\/wp-json\/wp\/v2\/pages\/12\/revisions"}],"predecessor-version":[{"id":680,"href":"http:\/\/www.yvesmuguet-infographiste.com\/site-fictif-oreilles-delicates\/wp-json\/wp\/v2\/pages\/12\/revisions\/680"}],"wp:attachment":[{"href":"http:\/\/www.yvesmuguet-infographiste.com\/site-fictif-oreilles-delicates\/wp-json\/wp\/v2\/media?parent=12"}],"curies":[{"name":"wp","href":"https:\/\/api.w.org\/{rel}","templated":true}]}}