{"id":14,"date":"2016-07-04T10:41:31","date_gmt":"2016-07-04T08:41:31","guid":{"rendered":"http:\/\/www.yvesmuguet-infographiste.com\/site-fictif-oreilles-delicates\/?page_id=14"},"modified":"2016-07-08T01:08:31","modified_gmt":"2016-07-07T23:08:31","slug":"actualits","status":"publish","type":"page","link":"http:\/\/www.yvesmuguet-infographiste.com\/site-fictif-oreilles-delicates\/actualits\/","title":{"rendered":"ACTUALIT&Eacute;S"},"content":{"rendered":"<div class=\"conteneur\">\n<div class=\"floatleft ecoute\">\n<h2><span style=\"color: #5d2e10;\">PRISES DE SON<\/span><\/h2>\n<p><img loading=\"lazy\" class=\"alignnone size-medium wp-image-524\" src=\"http:\/\/www.yvesmuguet-infographiste.com\/site-fictif-oreilles-delicates\/wp-content\/uploads\/2016\/07\/actualites-prises-de-son-oreilles-delicates-M147-400x300-300x225.jpg\" alt=\"actualites-prises-de-son-oreilles-delicates-M147-400x300\" width=\"300\" height=\"225\" srcset=\"http:\/\/www.yvesmuguet-infographiste.com\/site-fictif-oreilles-delicates\/wp-content\/uploads\/2016\/07\/actualites-prises-de-son-oreilles-delicates-M147-400x300-300x225.jpg 300w, http:\/\/www.yvesmuguet-infographiste.com\/site-fictif-oreilles-delicates\/wp-content\/uploads\/2016\/07\/actualites-prises-de-son-oreilles-delicates-M147-400x300.jpg 400w\" sizes=\"(max-width: 300px) 100vw, 300px\" \/><\/p>\n<p><a href=\"http:\/\/www.yvesmuguet-infographiste.com\/site-fictif-oreilles-delicates\/category\/prises-de-son\/\">Suivez les actus de nos prises de son<\/a><\/p>\n<\/div>\n<div class=\"floatleft ecoute\">\n<h2><span style=\"color: #50a2dc;\">MIXAGES<\/span><\/h2>\n<p><img loading=\"lazy\" class=\"alignnone size-medium wp-image-525\" src=\"http:\/\/www.yvesmuguet-infographiste.com\/site-fictif-oreilles-delicates\/wp-content\/uploads\/2016\/07\/actualites-mixage-oreilles-delicates-M7CL-400x220-300x225.jpg\" alt=\"actualites-mixage-oreilles-delicates-M7CL-400x220\" width=\"300\" height=\"225\" \/><\/p>\n<p><a href=\"http:\/\/www.yvesmuguet-infographiste.com\/site-fictif-oreilles-delicates\/category\/mixages\/\">D\u00e9couvrez les actus de nos mixages<\/a><\/p>\n<\/div>\n<\/div>\n<div class=\"conteneur\">\n<div class=\"floatleft ecoute\">\n<h2><span style=\"color: #d73e43;\">MASTERINGS<\/span><\/h2>\n<p><img loading=\"lazy\" class=\"alignnone size-medium wp-image-526\" src=\"http:\/\/www.yvesmuguet-infographiste.com\/site-fictif-oreilles-delicates\/wp-content\/uploads\/2016\/07\/actualites-masterings-oreilles-delicates-dames_en_brunes1-400x304-300x225.jpg\" alt=\"actualites-masterings-oreilles-delicates-dames_en_brunes1-400x304\" width=\"300\" height=\"225\" srcset=\"http:\/\/www.yvesmuguet-infographiste.com\/site-fictif-oreilles-delicates\/wp-content\/uploads\/2016\/07\/actualites-masterings-oreilles-delicates-dames_en_brunes1-400x304-300x225.jpg 300w, http:\/\/www.yvesmuguet-infographiste.com\/site-fictif-oreilles-delicates\/wp-content\/uploads\/2016\/07\/actualites-masterings-oreilles-delicates-dames_en_brunes1-400x304.jpg 400w\" sizes=\"(max-width: 300px) 100vw, 300px\" \/><\/p>\n<p><a href=\"http:\/\/www.yvesmuguet-infographiste.com\/site-fictif-oreilles-delicates\/category\/masterings\/\">Parcourez les actus de nos masterings<\/a><\/p>\n<\/div>\n<div class=\"floatleft ecoute\">\n<h2>ING\u00c9NIERIES SONORES<\/h2>\n<p><img loading=\"lazy\" class=\"alignnone size-medium wp-image-523\" src=\"http:\/\/www.yvesmuguet-infographiste.com\/site-fictif-oreilles-delicates\/wp-content\/uploads\/2016\/07\/actualites-ingenieries-sonores-oreilles-delicates-sonagram-fond-300x225.jpg\" alt=\"actualites-ingenieries-sonores-oreilles-delicates-sonagram-fond\" width=\"300\" height=\"225\" srcset=\"http:\/\/www.yvesmuguet-infographiste.com\/site-fictif-oreilles-delicates\/wp-content\/uploads\/2016\/07\/actualites-ingenieries-sonores-oreilles-delicates-sonagram-fond-300x225.jpg 300w, http:\/\/www.yvesmuguet-infographiste.com\/site-fictif-oreilles-delicates\/wp-content\/uploads\/2016\/07\/actualites-ingenieries-sonores-oreilles-delicates-sonagram-fond.jpg 656w\" sizes=\"(max-width: 300px) 100vw, 300px\" \/><\/p>\n<p><a href=\"http:\/\/www.yvesmuguet-infographiste.com\/site-fictif-oreilles-delicates\/category\/ingenieries-sonores\/\">Consultez les actus de nos ing\u00e9nieries sonore<\/a><\/p>\n<\/div>\n<\/div>\n<p>Pour des d\u00e9finitions sur le son ou pour plus d&rsquo;informations : rendez-vous sur nos pages audios, <strong><a href=\"http:\/\/www.yvesmuguet-infographiste.com\/site-fictif-oreilles-delicates\/coute\/\">rubrique \u00e9coute !<\/a><\/strong><\/p>\n","protected":false},"excerpt":{"rendered":"<p>PRISES DE SON Suivez les actus de nos prises de son MIXAGES D\u00e9couvrez les actus de nos mixages MASTERINGS Parcourez les actus de nos masterings ING\u00c9NIERIES SONORES Consultez les actus de nos ing\u00e9nieries sonore Pour des d\u00e9finitions sur le son ou pour plus d&rsquo;informations : rendez-vous sur nos pages audios, rubrique \u00e9coute !<\/p>\n","protected":false},"author":1,"featured_media":0,"parent":0,"menu_order":2,"comment_status":"closed","ping_status":"closed","template":"","meta":[],"_links":{"self":[{"href":"http:\/\/www.yvesmuguet-infographiste.com\/site-fictif-oreilles-delicates\/wp-json\/wp\/v2\/pages\/14"}],"collection":[{"href":"http:\/\/www.yvesmuguet-infographiste.com\/site-fictif-oreilles-delicates\/wp-json\/wp\/v2\/pages"}],"about":[{"href":"http:\/\/www.yvesmuguet-infographiste.com\/site-fictif-oreilles-delicates\/wp-json\/wp\/v2\/types\/page"}],"author":[{"embeddable":true,"href":"http:\/\/www.yvesmuguet-infographiste.com\/site-fictif-oreilles-delicates\/wp-json\/wp\/v2\/users\/1"}],"replies":[{"embeddable":true,"href":"http:\/\/www.yvesmuguet-infographiste.com\/site-fictif-oreilles-delicates\/wp-json\/wp\/v2\/comments?post=14"}],"version-history":[{"count":13,"href":"http:\/\/www.yvesmuguet-infographiste.com\/site-fictif-oreilles-delicates\/wp-json\/wp\/v2\/pages\/14\/revisions"}],"predecessor-version":[{"id":528,"href":"http:\/\/www.yvesmuguet-infographiste.com\/site-fictif-oreilles-delicates\/wp-json\/wp\/v2\/pages\/14\/revisions\/528"}],"wp:attachment":[{"href":"http:\/\/www.yvesmuguet-infographiste.com\/site-fictif-oreilles-delicates\/wp-json\/wp\/v2\/media?parent=14"}],"curies":[{"name":"wp","href":"https:\/\/api.w.org\/{rel}","templated":true}]}}