{"id":69,"date":"2016-07-04T16:38:25","date_gmt":"2016-07-04T14:38:25","guid":{"rendered":"http:\/\/www.yvesmuguet-infographiste.com\/site-fictif-oreilles-delicates\/?page_id=69"},"modified":"2016-07-07T13:51:23","modified_gmt":"2016-07-07T11:51:23","slug":"audios-de-prises-de-son","status":"publish","type":"page","link":"http:\/\/www.yvesmuguet-infographiste.com\/site-fictif-oreilles-delicates\/coute\/audios-de-prises-de-son\/","title":{"rendered":"AUDIOS DE PRISES DE SON"},"content":{"rendered":"<div class=\"cue-playlist-container\">\n<div class=\"cue-playlist cue-theme-default\" itemscope itemtype=\"http:\/\/schema.org\/MusicPlaylist\">\n\t\n\t<meta itemprop=\"numTracks\" content=\"5\" \/>\n\n\t<audio src=\"http:\/\/www.yvesmuguet-infographiste.com\/audios\/prises-de-son\/les-dames-en-brunes-en-studio-prise-brut.wav\" controls preload=\"none\" class=\"cue-audio\" style=\"width: 100%; height: auto\"><\/audio>\n\n\t<ol class=\"cue-tracks\">\n\t\t\t\t\t<li class=\"cue-track\" itemprop=\"track\" itemscope itemtype=\"http:\/\/schema.org\/MusicRecording\">\n\t\t\t\t\n\t\t\t\t<span class=\"cue-track-details cue-track-cell\">\n\t\t\t\t\t<span class=\"cue-track-title\" itemprop=\"name\">Prise de son brut<\/span>\n\t\t\t\t\t<span class=\"cue-track-artist\" itemprop=\"byArtist\">Les Dames en Brunes<\/span>\n\t\t\t\t<\/span>\n\n\t\t\t\t\n\t\t\t\t<span class=\"cue-track-length cue-track-cell\">01:11<\/span>\n\n\t\t\t\t\t\t\t<\/li>\n\t\t\t\t\t<li class=\"cue-track\" itemprop=\"track\" itemscope itemtype=\"http:\/\/schema.org\/MusicRecording\">\n\t\t\t\t\n\t\t\t\t<span class=\"cue-track-details cue-track-cell\">\n\t\t\t\t\t<span class=\"cue-track-title\" itemprop=\"name\">Diagnostic Blues - Live Festival des Guitares de Villeurbanne<\/span>\n\t\t\t\t\t<span class=\"cue-track-artist\" itemprop=\"byArtist\">Gilles Pauget<\/span>\n\t\t\t\t<\/span>\n\n\t\t\t\t\n\t\t\t\t<span class=\"cue-track-length cue-track-cell\">04:49<\/span>\n\n\t\t\t\t\t\t\t<\/li>\n\t\t\t\t\t<li class=\"cue-track\" itemprop=\"track\" itemscope itemtype=\"http:\/\/schema.org\/MusicRecording\">\n\t\t\t\t\n\t\t\t\t<span class=\"cue-track-details cue-track-cell\">\n\t\t\t\t\t<span class=\"cue-track-title\" itemprop=\"name\">Captation - Forum de Jazz International<\/span>\n\t\t\t\t\t<span class=\"cue-track-artist\" itemprop=\"byArtist\">JazzsRA<\/span>\n\t\t\t\t<\/span>\n\n\t\t\t\t\n\t\t\t\t<span class=\"cue-track-length cue-track-cell\">04:18<\/span>\n\n\t\t\t\t\t\t\t<\/li>\n\t\t\t\t\t<li class=\"cue-track\" itemprop=\"track\" itemscope itemtype=\"http:\/\/schema.org\/MusicRecording\">\n\t\t\t\t\n\t\t\t\t<span class=\"cue-track-details cue-track-cell\">\n\t\t\t\t\t<span class=\"cue-track-title\" itemprop=\"name\">Violetta ou la Traviata revisit\u00e9e<\/span>\n\t\t\t\t\t<span class=\"cue-track-artist\" itemprop=\"byArtist\">Didier Puntos<\/span>\n\t\t\t\t<\/span>\n\n\t\t\t\t\n\t\t\t\t<span class=\"cue-track-length cue-track-cell\">02:10<\/span>\n\n\t\t\t\t\t\t\t<\/li>\n\t\t\t\t\t<li class=\"cue-track\" itemprop=\"track\" itemscope itemtype=\"http:\/\/schema.org\/MusicRecording\">\n\t\t\t\t\n\t\t\t\t<span class=\"cue-track-details cue-track-cell\">\n\t\t\t\t\t<span class=\"cue-track-title\" itemprop=\"name\">Musique de l'Est<\/span>\n\t\t\t\t\t<span class=\"cue-track-artist\" itemprop=\"byArtist\">La Troupadour<\/span>\n\t\t\t\t<\/span>\n\n\t\t\t\t\n\t\t\t\t<span class=\"cue-track-length cue-track-cell\">01:16<\/span>\n\n\t\t\t\t\t\t\t<\/li>\n\t\t\t<\/ol>\n\n\t<\/div>\n\t\t<script type=\"application\/json\" class=\"cue-playlist-data\">{\"embed_link\":\"http:\\\/\\\/www.yvesmuguet-infographiste.com\\\/site-fictif-oreilles-delicates\\\/?cue_embed=prises-de-son-2&cue_theme=default\",\"permalink\":\"http:\\\/\\\/www.yvesmuguet-infographiste.com\\\/site-fictif-oreilles-delicates\\\/?cue_playlist=prises-de-son-2\",\"skin\":\"cue-skin-default\",\"thumbnail\":\"http:\\\/\\\/www.yvesmuguet-infographiste.com\\\/site-fictif-oreilles-delicates\\\/wp-content\\\/uploads\\\/2016\\\/07\\\/prise-de-son-oreilles-delicates-espace-detente-micro-haut-de-gamme-cheminee.jpg\",\"tracks\":[{\"audioId\":0,\"audioUrl\":\"http:\\\/\\\/www.yvesmuguet-infographiste.com\\\/audios\\\/prises-de-son\\\/les-dames-en-brunes-en-studio-prise-brut.wav\",\"artist\":\"Les Dames en Brunes\",\"artworkId\":0,\"artworkUrl\":\"\",\"format\":\"\",\"length\":\"01:11\",\"title\":\"Prise de son brut\",\"order\":0,\"wav\":\"http:\\\/\\\/www.yvesmuguet-infographiste.com\\\/audios\\\/prises-de-son\\\/les-dames-en-brunes-en-studio-prise-brut.wav\",\"meta\":{\"artist\":\"Les Dames en Brunes\",\"length_formatted\":\"01:11\"},\"src\":\"http:\\\/\\\/www.yvesmuguet-infographiste.com\\\/audios\\\/prises-de-son\\\/les-dames-en-brunes-en-studio-prise-brut.wav\",\"thumb\":{\"src\":\"\"}},{\"audioId\":0,\"audioUrl\":\"http:\\\/\\\/www.yvesmuguet-infographiste.com\\\/audios\\\/prises-de-son\\\/gilles-pauget-captation-live-au-festival-guitares-de-villeurbanne-diagnostic-blues.mp3\",\"artist\":\"Gilles Pauget\",\"artworkId\":0,\"artworkUrl\":\"\",\"format\":\"\",\"length\":\"04:49\",\"title\":\"Diagnostic Blues - Live Festival des Guitares de Villeurbanne\",\"order\":1,\"mp3\":\"http:\\\/\\\/www.yvesmuguet-infographiste.com\\\/audios\\\/prises-de-son\\\/gilles-pauget-captation-live-au-festival-guitares-de-villeurbanne-diagnostic-blues.mp3\",\"meta\":{\"artist\":\"Gilles Pauget\",\"length_formatted\":\"04:49\"},\"src\":\"http:\\\/\\\/www.yvesmuguet-infographiste.com\\\/audios\\\/prises-de-son\\\/gilles-pauget-captation-live-au-festival-guitares-de-villeurbanne-diagnostic-blues.mp3\",\"thumb\":{\"src\":\"\"}},{\"audioId\":0,\"audioUrl\":\"http:\\\/\\\/www.yvesmuguet-infographiste.com\\\/audios\\\/prises-de-son\\\/JazzsRA-captation-forum-de-jazz-internationale-oreilles-delicates.wav\",\"artist\":\"JazzsRA\",\"artworkId\":0,\"artworkUrl\":\"\",\"format\":\"\",\"length\":\"04:18\",\"title\":\"Captation - Forum de Jazz International\",\"order\":2,\"wav\":\"http:\\\/\\\/www.yvesmuguet-infographiste.com\\\/audios\\\/prises-de-son\\\/JazzsRA-captation-forum-de-jazz-internationale-oreilles-delicates.wav\",\"meta\":{\"artist\":\"JazzsRA\",\"length_formatted\":\"04:18\"},\"src\":\"http:\\\/\\\/www.yvesmuguet-infographiste.com\\\/audios\\\/prises-de-son\\\/JazzsRA-captation-forum-de-jazz-internationale-oreilles-delicates.wav\",\"thumb\":{\"src\":\"\"}},{\"audioId\":0,\"audioUrl\":\"http:\\\/\\\/www.yvesmuguet-infographiste.com\\\/audios\\\/prises-de-son\\\/didier-puntos-violetta-ou-la-traviata-revisitee-oreilles-delicates.wav\",\"artist\":\"Didier Puntos\",\"artworkId\":0,\"artworkUrl\":\"\",\"format\":\"\",\"length\":\"02:10\",\"title\":\"Violetta ou la Traviata revisit\\u00e9e\",\"order\":3,\"wav\":\"http:\\\/\\\/www.yvesmuguet-infographiste.com\\\/audios\\\/prises-de-son\\\/didier-puntos-violetta-ou-la-traviata-revisitee-oreilles-delicates.wav\",\"meta\":{\"artist\":\"Didier Puntos\",\"length_formatted\":\"02:10\"},\"src\":\"http:\\\/\\\/www.yvesmuguet-infographiste.com\\\/audios\\\/prises-de-son\\\/didier-puntos-violetta-ou-la-traviata-revisitee-oreilles-delicates.wav\",\"thumb\":{\"src\":\"\"}},{\"audioId\":0,\"audioUrl\":\"http:\\\/\\\/www.yvesmuguet-infographiste.com\\\/audios\\\/prises-de-son\\\/la-troupadoure-musique-de-l-est-chez-oreilles-delicates.wav\",\"artist\":\"La Troupadour\",\"artworkId\":0,\"artworkUrl\":\"\",\"format\":\"\",\"length\":\"01:16\",\"title\":\"Musique de l'Est\",\"order\":4,\"wav\":\"http:\\\/\\\/www.yvesmuguet-infographiste.com\\\/audios\\\/prises-de-son\\\/la-troupadoure-musique-de-l-est-chez-oreilles-delicates.wav\",\"meta\":{\"artist\":\"La Troupadour\",\"length_formatted\":\"01:16\"},\"src\":\"http:\\\/\\\/www.yvesmuguet-infographiste.com\\\/audios\\\/prises-de-son\\\/la-troupadoure-musique-de-l-est-chez-oreilles-delicates.wav\",\"thumb\":{\"src\":\"\"}}]}<\/script>\n\t\t<\/div>\n<p>&nbsp;<\/p>\n<h2>QU&rsquo;EST-CE QUE LA PRISE DE SON ?<\/h2>\n<p>Avant la s\u00e9ance de prise de son, sa pr\u00e9paration se fait sous les directives de l\u2019<strong>ing\u00e9nieur du son : disposition de l\u2019orchestre, choix et positionnement des micros, installation des r\u00e9seaux de casques pour les musiciens<\/strong>. Lors de la prise de son, l\u2019ing\u00e9nieur du son v\u00e9rifie que les prises de son ne saturent pas en ajustant au mieux le <strong>r\u00e9glage des pr\u00e9amplificateurs micro<\/strong> et assume la bonne <strong>balance musicale<\/strong>.<\/p>\n<p>Une prise de son peut-\u00eatre dite <strong>live<\/strong> quand tous les musiciens enregistrent simultan\u00e9ment, ou par <strong>couches successives<\/strong> (Overdub (d\u2019abord la section rythmique est enregistr\u00e9e avec une (clic de r\u00e9f\u00e9rence pour le tempo) puis les autres sections : cordes, cuivres, ch\u0153urs, instruments solo et (en)doublages d\u2019instruments et enfin chanteur solo. Ces enregistrements peuvent s\u2019effectuer bout par bout ((en)punching-in et punch-out).<\/p>\n<p>&nbsp;<\/p>\n<h2>LA PRISE DE SON OREILLES D\u00c9LICATES<\/h2>\n<p><img loading=\"lazy\" class=\"alignnone\" src=\"http:\/\/www.yvesmuguet-infographiste.com\/site-fictif-oreilles-delicates\/wp-content\/uploads\/2016\/07\/prise-de-son-oreilles-delicates-espace-detente-micro-haut-de-gamme-cheminee-1170x350.jpg\" width=\"1170\" height=\"350\" \/><\/p>\n<p><strong>Vous recherchez un son pur qui respecte votre musique ?<\/strong><\/p>\n<blockquote><p>Militant pour un son \u00ab\u00a0bio\u00a0\u00bb, nous vous ferons entendre votre son, pas nos micros !<\/p><\/blockquote>\n<p>Que vous fassiez de la chanson, du jazz, de la world music, de la musique classique ou du chant choral, une solution de prise de son adapt\u00e9e \u00e0 votre projet sera \u00e9labor\u00e9e avec vous.<\/p>\n<p>Fr\u00e9d\u00e9ric FINAND, soigneur d\u2019oreilles, est au service des musiques acoustiques depuis plus de vingt ans !<br \/>\nIl n\u2019utilise que du mat\u00e9riel dont il est tomb\u00e9 amoureux pour sa transparence ou sa fid\u00e9lit\u00e9 de transcription, mais n\u2019h\u00e9site pas \u00e0 transcender les pratiques courantes pour obtenir le son qui convient : <strong>votre son !<\/strong><br \/>\nC\u2019est pourquoi les micros pr\u00e9f\u00e9r\u00e9s sont de marque Earthworks, DPA, Neumann, Audix, Audio Technica, Sennheiser \u2026 associ\u00e9s aux excellents pr\u00e9amplis Horus de Merging Technologies et Universal Audio.<\/p>\n<p>Avec ses <strong>4 m de hauteur sous plafond<\/strong>, notre cabine d\u2019enregistrement permet d\u2019avoir des <strong>prises de son a\u00e9r\u00e9es<\/strong>, d\u2019autant que l\u2019acoustique interne a \u00e9t\u00e9 r\u00e9alis\u00e9e sans compromis.<br \/>\n<strong>L\u2019acoustique variable<\/strong> permet de moduler+ les premi\u00e8res r\u00e9flexions selon le style musical ou le type de son souhait\u00e9.<br \/>\n<strong>L\u2019espace est modulable<\/strong> gr\u00e2ce \u00e0 des panneaux mobiles qui permettent la cr\u00e9ation de petites cabines d\u2019isolation des musiciens.<\/p>\n<p>&nbsp;<\/p>\n","protected":false},"excerpt":{"rendered":"<p>&nbsp; QU&rsquo;EST-CE QUE LA PRISE DE SON ? Avant la s\u00e9ance de prise de son, sa pr\u00e9paration se fait sous les directives de l\u2019ing\u00e9nieur du son : disposition de l\u2019orchestre, choix et positionnement des micros, installation des r\u00e9seaux de casques pour les musiciens. Lors de la prise de son, l\u2019ing\u00e9nieur du son v\u00e9rifie que les [&hellip;]<\/p>\n","protected":false},"author":1,"featured_media":0,"parent":18,"menu_order":1,"comment_status":"closed","ping_status":"closed","template":"template-brown.php","meta":[],"_links":{"self":[{"href":"http:\/\/www.yvesmuguet-infographiste.com\/site-fictif-oreilles-delicates\/wp-json\/wp\/v2\/pages\/69"}],"collection":[{"href":"http:\/\/www.yvesmuguet-infographiste.com\/site-fictif-oreilles-delicates\/wp-json\/wp\/v2\/pages"}],"about":[{"href":"http:\/\/www.yvesmuguet-infographiste.com\/site-fictif-oreilles-delicates\/wp-json\/wp\/v2\/types\/page"}],"author":[{"embeddable":true,"href":"http:\/\/www.yvesmuguet-infographiste.com\/site-fictif-oreilles-delicates\/wp-json\/wp\/v2\/users\/1"}],"replies":[{"embeddable":true,"href":"http:\/\/www.yvesmuguet-infographiste.com\/site-fictif-oreilles-delicates\/wp-json\/wp\/v2\/comments?post=69"}],"version-history":[{"count":17,"href":"http:\/\/www.yvesmuguet-infographiste.com\/site-fictif-oreilles-delicates\/wp-json\/wp\/v2\/pages\/69\/revisions"}],"predecessor-version":[{"id":342,"href":"http:\/\/www.yvesmuguet-infographiste.com\/site-fictif-oreilles-delicates\/wp-json\/wp\/v2\/pages\/69\/revisions\/342"}],"up":[{"embeddable":true,"href":"http:\/\/www.yvesmuguet-infographiste.com\/site-fictif-oreilles-delicates\/wp-json\/wp\/v2\/pages\/18"}],"wp:attachment":[{"href":"http:\/\/www.yvesmuguet-infographiste.com\/site-fictif-oreilles-delicates\/wp-json\/wp\/v2\/media?parent=69"}],"curies":[{"name":"wp","href":"https:\/\/api.w.org\/{rel}","templated":true}]}}